uppose -4*f + 6 + 18 = 0. Suppose 0 = -m, 4*k - 8*k - 2*m = -36. Let s = k - f. List the prime factors of s.
3
Let n = 100 - 58. Suppose -3*j + 3 = -n. List the prime factors of j.
3, 5
Let m(q) = -q + 6. Let r be m(3). Suppose 29 = r*p - 31. List the prime factors of p.
2, 5
Let n(r) = -r - 5. Let j(q) = -q**2 - 4*q - 2. Let y be j(-5). List the prime factors of n(y).
2
Let r = 6 - 4. Suppose 0 = -5*w, -4*p - r*w + 8 = 2*w. List the prime factors of p.
2
Suppose 6*m - 11*m + 505 = 0. What are the prime factors of m?
101
Let h(a) be the third derivative of a**6/120 + 7*a**5/60 + 5*a**3/6 - 3*a**2. What are the prime factors of h(-7)?
5
Let f(w) = -10*w**2 + 17*w - 22. Let c(o) = -7*o**2 + 11*o - 15. Let d(y) = -7*c(y) + 5*f(y). Let h be d(7). Let r(k) = 3*k + 2. List the prime factors of r(h).
2
What are the prime factors of 12 + 2 + (-2 - -4)?
2
Let c be (-2*1)/(1/(-1)). Suppose -2*x + c*s = 3*x - 212, -2*s = 2*x - 82. What are the prime factors of x?
2, 3, 7
Let o(s) = 7*s - 3. Let a(l) = -13*l + 6. Let t(p) = 4*a(p) + 7*o(p). List the prime factors of t(-4).
3, 5
Suppose 10*a = -208 + 728. What are the prime factors of a?
2, 13
Let h be (0 - 0)*(-4)/8. Suppose j + j = h. What are the prime factors of j - -2 - -5 - 2?
5
Suppose 0 = -10*j + 1190 - 80. List the prime factors of j.
3, 37
Suppose -3*u = -v - 26, 0 = -2*v + v + 1. Let y be u - (-3 + -2 + 3). Let g = -2 + y. What are the prime factors of g?
3
Suppose 0*z = 2*z - 20. List the prime factors of z.
2, 5
Let b(x) be the third derivative of x**5/30 - x**4/12 - x**3/6 + 2*x**2. Let l(d) = -d**2 + 4*d - 4. Let a be l(3). What are the prime factors of b(a)?
3
Let y be 14/2 + (-6)/3. Suppose -y*w - r + 58 = -0*w, 5*w - r - 62 = 0. List the prime factors of w.
2, 3
Let h be 56/10 + 8/20. Let w be 6/9 - (-62)/h. Let m = -7 + w. What are the prime factors of m?
2
Let s be (-34)/10 - (-6)/15. Let k be (s/(-2))/(3/88). List the prime factors of k/5*15/6.
2, 11
Suppose -22 = -4*l + 2. Suppose 3*p + l - 14 = -i, -2*i = -2*p + 8. What are the prime factors of 10*(-2)/(-4) - i?
2, 3
Suppose 0 = 3*h - 8*h + 20. Let g(v) = 7*v - 1. Let i be g(1). Let d = i - h. List the prime factors of d.
2
Suppose 2*a + 10 = 3*t - 2*t, 0 = 2*t + 3*a - 20. Let w be 3/(1 - 2/(-4)). Suppose -3*q = w*q - t. What are the prime factors of q?
2
Suppose 5*n - 6*n - 8 = -3*k, -2*k - 4*n + 24 = 0. What are the prime factors of k?
2
Suppose 4*b + 17 = -5*x, 0 = -6*b + 3*b + 2*x + 16. Suppose 0 = 3*a - 17 + b. Suppose 2*d - 26 = a*l, -2*d = -2*l - 27 + 7. What are the prime factors of d?
2
Let q = 0 + 2. Let z = 3 + -2. List the prime factors of (z + 6)*q/2.
7
Suppose 4*j - 3*x - 101 = 0, -4*j + 5*x + 130 = j. Let l = -11 + j. List the prime factors of l.
2, 3
Let v(w) = 22*w**3 - w**2 + w. Let p = -14 - -15. List the prime factors of v(p).
2, 11
Let x be (-19 - -1)/((-3)/(-4)). Let m = x + 37. What are the prime factors of m?
13
Suppose 3*f + 2*y = 227, -f - y + 150 = f. List the prime factors of f.
73
Suppose 3*p + 2*p = 10, 4*p = -k + 10. Suppose k*a = -3*a + 30. What are the prime factors of a?
2, 3
Suppose 5*w + 115 = 4*n, -5*n + 122 = -2*w + 3*w. Let f = n - 12. What are the prime factors of f?
13
Let l be -1*(-4 - 4) + 4. Suppose -14*m = -l*m - 100. List the prime factors of m.
2, 5
Suppose p - 21 + 404 = 5*a, p = a - 75. Suppose -4*r + 3*d - 1 = -214, r - a = -4*d. List the prime factors of r.
3, 19
Suppose 4*d - 96 = 4*o, -5*o = 2*d - 0*d - 55. What are the prime factors of d?
5
Suppose 0 = 3*p - 2 + 8. Let g be 3/p*4/(-6). List the prime factors of g + 0 + 1 + 3.
5
Let t = 1 + -7. Let u be (-4)/t - 16/(-12). Suppose -5*q + 56 = d, -u*d = -5*q + d + 52. List the prime factors of q.
11
Let m(n) = -n + 4. Let y be m(3). Let t = 1 - y. Suppose -2*x - 5*g = -t*x - 7, -2*g - 8 = -x. What are the prime factors of x?
2, 3
Suppose 5*g + 4*i = 2*g - 12, -4*g - i = 3. Let t be 46 - (-3 + (-4)/(-4)). Suppose g*s - 3*s = -t. What are the prime factors of s?
2
Suppose l + 80 = 3*u - 47, 8 = 4*l. What are the prime factors of u?
43
Let d = 13 + -25. List the prime factors of d/((-1)/(-2)*-4).
2, 3
Suppose 0 = -i - i + 4. List the prime factors of (-138)/(-18) - i/(-6).
2
Let l(b) = -8*b**2 - b. Let s be l(-2). Let r = s + 51. What are the prime factors of r?
3, 7
Suppose 2*b + 3*r + 5 = 0, -3 - 2 = 3*b + 4*r. Let f = b - 2. What are the prime factors of (7/2)/(f/6)?
7
Suppose -4*x - l + 71 = -0*x, -4*x - 4*l + 56 = 0. What are the prime factors of x?
19
Suppose 2 = 2*n - 0. Let b(o) = 3 + n + 4*o + 0 - 2*o. List the prime factors of b(4).
2, 3
Suppose 0 = -2*i - 0*i. Suppose -5*d + d + 104 = i. Suppose 0 = -4*h + k + 46, -4*h + 4*k = -78 + d. List the prime factors of h.
11
Suppose 3*i = 4*c - 110, 130 = -3*i - 2*i - 4*c. Let d = i + 55. What are the prime factors of d?
5
What are the prime factors of -2 - -3 - (-4 + -93 + -1)?
3, 11
Let u(n) = n**3 - 3*n**2 - 6*n - 6. Let d be u(5). What are the prime factors of d/4*(-60)/(-35)?
2, 3
Suppose -3*k + 15 = 2*k. What are the prime factors of (4 - k)*-2 + 31?
29
Let d(v) = -v**2 - 4*v - 1. Let i be d(-3). Let n = 6 - 8. What are the prime factors of -7*i*(1 + n)?
2, 7
Suppose 3*d = 4*d - 3. Let v(s) = 5*s - 4. Let x(h) = 11*h - 9. Let b(n) = 9*v(n) - 4*x(n). What are the prime factors of b(d)?
3
Suppose 2*v - 12 = 66. What are the prime factors of v?
3, 13
Suppose 0*w = -w - 29. Let b = w - -46. What are the prime factors of b?
17
List the prime factors of 1 + 290 + 0/(-26).
3, 97
Let c = -4 - -4. Suppose 5*v + m + 3*m - 27 = c, 4*v - 4*m = 0. Suppose v*n + 5*o - 80 = -2*n, -42 = -2*n - 4*o. List the prime factors of n.
11
Let u be (-6 - 1) + 6 + -2. Let f be (-8)/2*(-5)/(-4). List the prime factors of (u - -1)/(1/f).
2, 5
Suppose 3*w + 26 = -22. Let i = w - -21. What are the prime factors of i?
5
Let d = 132 + -89. List the prime factors of d.
43
Suppose 5*a + 0*a + 15 = 0. Let x be ((-20)/(-12))/((-1)/a). Suppose 5*l + w + 3*w - 56 = 0, 28 = l + x*w. What are the prime factors of l?
2
Let t = 231 + -153. Let k = 0 + t. Suppose -27 = 3*r - k. List the prime factors of r.
17
What are the prime factors of 153 - 7 - 0/1?
2, 73
Let g(s) = s**3 - s**2 - s + 8. What are the prime factors of g(0)?
2
Let a(r) = r**3 - 4*r**2 - 9*r + 6. Let p be a(6). What are the prime factors of 6/p + (-110)/(-8)?
2, 7
Let y(d) = -d - 4. Let n be y(-6). Suppose -h + 3 - 8 = -n*g, 2*g - 1 = -3*h. List the prime factors of g.
2
Suppose 3*d = -3*u + 9, -2*d = 2*u + u - 8. Suppose -4 - u = -3*i. Suppose -i - 13 = -3*s. List the prime factors of s.
5
Let d = -1 + 4. Suppose -d*t + 5*k + 29 = -t, -k = -5*t + 15. Suppose -2*s - 14 = -t*b, b - 2*b = -5*s - 7. What are the prime factors of b?
7
Suppose 36 = -j - j. List the prime factors of (-220)/j + (-12)/54.
2, 3
Let i(t) = -t**3 + 8*t**2 - 8*t - 6. Let r be i(6). Suppose -3*l + r = -12. What are the prime factors of l?
2, 5
Let d(n) = n**3 - 4*n**2 + 3*n. Let r be d(2). Let v be ((-2)/(-4))/((-1)/r). List the prime factors of (3/9)/(v/39).
13
Suppose 0 = -5*z - 8 - 2, -z - 10 = -h. What are the prime factors of h?
2
Let h(a) = a + 8. Let k be h(-7). Suppose -k - 1 = y. Let i = y - -4. What are the prime factors of i?
2
Suppose -2*i = -3*k + 78, k + k = -5*i - 176. Let o(s) = 12*s - 2. Let c be o(-2). Let l = c - i. List the prime factors of l.
2, 5
Let y = -2 - -13. Suppose -r + 2*s - 1 = 0, -6*r = -2*r - 4*s + 4. Let c = r + y. List the prime factors of c.
2, 5
Let c(b) = b**2 - b + 4. Let w(d) = -7 + 2 - 2 + 2*d. Let y be w(5). What are the prime factors of c(y)?
2, 5
Suppose 6*h - 3*h = 4*w + 38, -5*h = -3*w - 67. What are the prime factors of h?
2, 7
Let j = -3 - -4. Let v(b) = 14*b. Let w be v(j). Suppose -w - 26 = -5*y. List the prime factors of y.
2
Let v(r) = 3*r**2 - 2*r + 1. Let q(g) = -g**2 + 5*g - 2. Let d be q(5). What are the prime factors of v(d)?
17
Suppose -10 = -4*r + 10. Suppose r*s - 45 = -4*i + 4*s, -3*i + 38 = 5*s. What are the prime factors of i?
11
Let l(r) = 123*r + 2. What are the prime factors of l(1)?
5
Suppose -5*l + 14 = -21. Suppose 4*y - 14 - l = -w, 3*y - 3*w - 12 = 0. What are the prime factors of y?
5
Let j(q) = -q**3 + q**2 + q - 1. Let a be j(-2). Suppose r = -2*r + a. What are the prime factors of r?
3
Let f(i) = -i**3 + 